- g + 75. Calculate the greatest common factor of 24 and f.
24
Suppose 7 = -3*g + 16. Calculate the greatest common factor of g and 33.
3
Let y(k) = 4*k - 3. Let x be y(6). Let u = 31 + -21. Let h be -5*-14*2/u. What is the highest common divisor of h and x?
7
Suppose -m + 21 = 2*m. Suppose m*a = 12*a - 55. Calculate the greatest common divisor of a and 55.
11
Let q be (-110 + 8)*2/(-4). What is the highest common divisor of q and 34?
17
Let h be (-6)/4*4/(-2). Let a = 8 - 3. Suppose -15 = -a*s + 5*l, 3*s + 2*l = h*l + 9. What is the highest common factor of s and 9?
3
Let o be 168/30 + (-2)/(-5). Suppose -l = -c - 9 - 41, -3*c = -3. Let q = l - 36. What is the greatest common factor of q and o?
3
Let h = 7 - 6. Suppose h = -c - 0. Let x be (c + 0)*(0 + -1). What is the greatest common factor of x and 2?
1
Let r(h) = h + 6. Let u be r(-6). Suppose u = 4*j - 2*i - 14, 2*i = -5*j - 3*i + 55. Suppose -144 + 18 = -3*y. What is the highest common factor of y and j?
6
Suppose 318 + 186 = 7*v. What is the highest common factor of 18 and v?
18
Let q = 4 + 6. Let m be (-1694)/(-6) + 4/6. Suppose 3*g + 73 - m = 0. What is the highest common factor of q and g?
10
Let r(v) = -v**3 - 2*v**2 + 7*v + 5. Let y be r(-5). Let o = y - 25. Calculate the highest common divisor of o and 10.
10
Suppose -v + 4*v - 210 = 0. Let m be 7/(-14) - v/(-4). Calculate the greatest common divisor of 34 and m.
17
Suppose v = 5*v + 88. Let k = -36 - v. Let l = k - -20. Calculate the greatest common divisor of 2 and l.
2
Suppose -4*d = -d + 3, 0 = -4*q - 3*d + 61. Let o be 126/4*q/6. Let w(m) = -15*m**3 - 1. Let j be w(-1). What is the greatest common divisor of j and o?
14
Let l = 21 + -15. What is the greatest common divisor of l and 6?
6
Let d(y) = y**2 - 3*y - 2. Let i be d(6). Let z be (1/2)/(2/(-32)). Let t be (220/(-5))/(2/z). Calculate the greatest common factor of t and i.
16
Suppose -4*h + 6 = -j, 5*h + 5 = -5*j + 25. Suppose t = h*t. Let d be 40/((-3)/(-6) - t). Calculate the highest common divisor of d and 10.
10
Let c(g) = g + 10. Let h be c(0). Let o = -148 - -349. Let f = -91 + o. Calculate the highest common divisor of f and h.
10
Let l be 6/4 + 99/(-18). Let t = l + 10. Let d be (-44)/(-3) - (-2)/t. Calculate the greatest common divisor of 135 and d.
15
Let l be (3 - (-13)/(-2))*-2. Calculate the highest common divisor of l and 35.
7
Suppose -2*y - 3*n - 25 = -6*y, -4*y + 5*n + 31 = 0. Suppose -5*c + y = -c. Calculate the greatest common factor of 7 and c.
1
Let u(f) = f - 1. Let m(p) = 3*p - 3. Let l(j) = -m(j) + 2*u(j). Let t be l(-2). Let c be ((-60)/150)/((-1)/60). What is the highest common factor of t and c?
3
Let j = 33 - 14. Let t(m) = m - 5. Let l be t(7). Suppose -o + 23 = c, 0 = l*c - 4*o - 8 - 14. Calculate the greatest common factor of c and j.
19
Suppose -26 = 4*w - 6*w. Suppose c - 3*d + 354 = 4*c, 2*c - d - 233 = 0. What is the highest common factor of w and c?
13
Let o = 165 + -40. Suppose 0 = -5*y + 69 + 56. What is the greatest common divisor of o and y?
25
Let a be (20 - -1)/(3/2). Suppose 0*w = v - w + a, 2*v + w + 22 = 0. Let p be ((-8)/v)/((-2)/(-15)). What is the greatest common factor of 1 and p?
1
Suppose -3*n + 11 = -31. Let t = 6 + n. What is the highest common divisor of 80 and t?
20
Let j be 444/15 + 8/20. What is the greatest common factor of j and 20?
10
Let t(z) = z**3 + 8*z**2 + 7*z + 1. Let v be t(-7). Let f be 28/8 - v/(-2). Calculate the highest common divisor of f and 44.
4
Suppose 4 - 2 = 2*i. Let m be (-230)/(-15) - i/3. Let a = 13 + m. Calculate the highest common factor of a and 70.
14
Suppose 0*p + 3*h = -2*p - 170, 0 = -2*p + h - 178. Let i = p + 123. What is the greatest common factor of i and 14?
7
Let u be 2/(-8) - 591/4. Let r(x) = 39*x - 1. Let t be r(-1). Let i = t - u. What is the highest common factor of 12 and i?
12
Let r be (-2)/((-2)/(-191))*1. Let b be (-12)/54 - r/9. Let z = 48 + -27. Calculate the highest common factor of z and b.
21
Suppose -734 = -10*z + 36. Calculate the greatest common divisor of 21 and z.
7
Let j be (-1912)/(-60) - 4/(-30). Suppose 0 = -2*o + 34 + j. What is the greatest common factor of 3 and o?
3
Let a(m) = 12*m. Let y be a(3). Calculate the highest common divisor of y and 4.
4
Suppose -5*w - 5*q = -5, -5*w + 4*q + 31 = -1. Let n = -5 + 3. Let u be 4*-2*2*n. Calculate the greatest common factor of w and u.
4
Let j(g) = 2*g - 9. Let p be j(6). Suppose 4*l + 2*b - 68 - 30 = 0, -p = b. Suppose -x + l = x. What is the greatest common divisor of x and 117?
13
Let d be -1 + 1 + 4 + -1. Suppose -2*r - 3*r = -20, -5*l + 63 = -d*r. What is the greatest common divisor of 105 and l?
15
Suppose 4*t + 41 = 233. Let b = 104 - t. Calculate the highest common divisor of 8 and b.
8
Suppose -v + 0*v = -10. Suppose 0 = 2*u + 4 - v. Calculate the highest common factor of 12 and u.
3
Let a(t) = -20*t - 5. Let c be a(3). Let v = c + 95. Calculate the highest common divisor of 12 and v.
6
Let c(w) = -w + 11. Let z be c(0). What is the highest common divisor of 33 and z?
11
Let f(h) = -3*h. Let k be f(-1). Suppose 0 = k*a - 2*a - 40. Calculate the highest common divisor of 10 and a.
10
Suppose 3*r - 7 = 4*i + 1, -r = -4*i. Suppose -n + 14 - i = 0. Calculate the highest common factor of 65 and n.
13
Let y = 18 - 6. Let d be (-2 + y)/(3 - 2). Calculate the highest common divisor of d and 50.
10
Suppose 0 = 3*w + 4*a - 10, 0 = -3*w + 5*a - 6 + 61. Suppose 98 = 2*k - w. Calculate the greatest common divisor of 135 and k.
27
Let v(k) = 3*k**2 + 1. Let b be v(-1). Suppose a + 2*a + 12 = 0, -4*y + 136 = -b*a. Calculate the greatest common divisor of 6 and y.
6
Suppose -v - 99 = 5*t, 2*t + 0*t = 5*v - 18. Let h = 31 + t. What is the greatest common divisor of 48 and h?
12
Suppose 0 = -3*h + 3, -3*s + 2*h - 1 + 2 = 0. Calculate the greatest common factor of s and 11.
1
Suppose 214 = 2*a + 2*q, -a + 2*q - q + 109 = 0. Calculate the greatest common divisor of a and 12.
12
Suppose -h = -0*h - 7. Suppose 2*s - 2 = -4*j - 4, j = -2*s + h. What is the highest common factor of 55 and s?
5
Suppose 0 = a - 4*a + 9. Suppose 0 = -a*w + 3*l + 24, 2*w - l = -3 + 14. Calculate the highest common divisor of w and 15.
3
Suppose 44 = 4*v - 40. Calculate the highest common factor of 189 and v.
21
Suppose -4*h = -1437 + 73. What is the greatest common factor of h and 31?
31
Let b = -70 - -126. Let m(u) = -u**3 + 4*u**2 - 3*u + 8. Let p be m(3). Calculate the highest common factor of p and b.
8
Let x(w) = -w**2 + 15*w - 12. Let d be x(14). Suppose 3*t + d*z = 6*z + 23, 26 = 4*t - 3*z. What is the highest common divisor of t and 40?
5
Let l = 88 - 81. Calculate the greatest common factor of 84 and l.
7
Let o(i) = i**3 - 6*i**2 - i - 10. Let v be o(7). Let c = -12 - -20. What is the greatest common factor of c and v?
8
Suppose 2*y + y = 0, -2*y - 69 = -3*x. Calculate the greatest common divisor of x and 230.
23
Suppose 0 = 2*n + 2, -2*k + 12 = 3*n - 51. Suppose 4*r + 5*j - 4*j - 45 = 0, r - 16 = -5*j. Calculate the highest common divisor of k and r.
11
Let b = -25 - -53. Let f be (1 - 0)*(-3 + b). Suppose -4*l + 30 = -l. What is the greatest common factor of f and l?
5
Let l be 132/28 + (-2)/(-7). Let s = -12 - -22. What is the greatest common factor of s and l?
5
Let d be (2/(-4) + 31/(-2))*-1. What is the highest common divisor of 16 and d?
16
Suppose -40 = -4*p - 4*r - 0*r, -48 = -2*p + 5*r. Let x be 2/(-6) - 42/(-18). What is the highest common factor of x and p?
2
Let k be -3 + -2 + 6 + -32. Let r = 67 + k. What is the greatest common divisor of r and 18?
18
Let n(v) = v**2 - 10*v + 9. Let a be n(9). Suppose a*s + s = 16. Let z(q) = 2*q**2 + q - 5. Let m be z(-5). Calculate the greatest common divisor of m and s.
8
Suppose -74 = -3*z - 0*z - 5*p, 5*z - 5*p = 150. What is the highest common factor of z and 7?
7
Suppose 3*f = 16 + 8. Suppose 0 = -4*w, -5*l + w = -l - f. Suppose z = 4*c - 5 + 21, -l*z - 2*c = -72. What is the highest common divisor of z and 80?
16
Let y = -9 + 9. Suppose 0 = 2*o - 5*j - 92, -3*j + 123 = 3*o - 36. Suppose -3*u = -y*u - o. Calculate the highest common factor of u and 136.
17
Suppose 0 = -14*q + 4*q + 180. What is the greatest common divisor of q and 72?
18
Let l(n) = -n**3 + 5*n**2 - 3*n - 4. Let x